2 + -23441. Calculate the remainder when 211 is divided by n.
69
Suppose -15023 - 23845 = -158*z. What is the remainder when 1951 is divided by z?
229
Suppose 0 = -13*h - 403 + 169. Let c(t) = -2*t**2 - 40*t - 56. What is the remainder when 25 is divided by c(h)?
9
Suppose 134 = -6*r + 26. Let w = -2 - -7. Calculate the remainder when (r - -19)*5*2 is divided by w.
0
Suppose 9*h = -29 + 38. Let i(w) = 16*w**2 + 6*w - 7. Calculate the remainder when 193 is divided by i(h).
13
Let u = -35 - -35. Suppose u = x - 6*x + 10. Suppose -61 = -x*s - v, 4*v = -s - 3*s + 124. Calculate the remainder when s is divided by 11.
8
Suppose r + 2*w = -w + 20, -4*r - 2*w + 110 = 0. Let p be 13496 + (6 + -9)*4/6. Calculate the remainder when p/(-52)*1/((-6)/4) is divided by r.
28
Let p(v) = -v**3 - 7*v**2 - 30*v - 273. Calculate the remainder when p(-8) is divided by ((-34)/4)/((-1)/2).
14
Suppose 66*i = 1042 + 1928. What is the remainder when 55 is divided by i?
10
Let x(a) = 12*a**2 + 111*a - 196. Let k(b) = 2*b**2 + 22*b - 39. Let l(g) = -11*k(g) + 2*x(g). Calculate the remainder when 11 is divided by l(8).
1
Let h = 142 + -125. Suppose -7*p + h*p = 1500. Calculate the remainder when p is divided by 40.
30
Let c be (-14)/((-30)/(-7) + -4) - -5. Let k be (-30)/(-8)*(-8)/3. Let y = k - c. Calculate the remainder when 101 is divided by y.
33
Let z be 6/(-2) - (-2)/(-2). What is the remainder when 109 is divided by 2 - (132/(-5) + z/(-10))?
25
Suppose -3235*m + 3236*m - 2468 = -4*n, -5*n - 3*m + 3092 = 0. What is the remainder when n is divided by 21?
7
Suppose -5*u + 1575 = 2*u. Suppose 10*l - u - 75 = 0. Calculate the remainder when (-1792)/(-12) - (-2)/(-6) is divided by l.
29
Calculate the remainder when (67 + -54)/((-2)/(-184)) is divided by 24.
20
Suppose -9 = -3*y + 12. Suppose 43*p + 55 = 48*p. Let l = 14 - p. Calculate the remainder when y is divided by l.
1
Suppose 3*o - 95 = -2*o. Suppose 44*w - 337 = 1379. Suppose 0 = 2*b + v - 13, v + w = b + 28. Calculate the remainder when o is divided by b.
3
Calculate the remainder when ((-6)/(-15))/(10/9100) is divided by 255.
109
Let n = 6107 + -4831. What is the remainder when n is divided by 2?
0
Let b = -8064 - -12234. Calculate the remainder when b is divided by 13.
10
Let x(u) = -u**3 - 33*u**2 - 113*u + 96. Calculate the remainder when 1298 is divided by x(-29).
2
Calculate the remainder when -4 + (6879 - (-50)/10 - 8) is divided by 125.
122
Let h(a) = 71*a. Let t(m) = 3*m**2 + 99*m + 295. What is the remainder when h(1) is divided by t(-3)?
21
Suppose -5*w + 3*f - f = 55640, 2*f = -w - 11128. Calculate the remainder when (27/(-33) - -1) + w/(-143) is divided by 8.
6
Suppose -39*o + 33 = -165 - 114. Calculate the remainder when 222 is divided by o.
6
Suppose 4*c - 75 = -3*a + 26, 2*a - 2*c = 72. What is the remainder when 3566 is divided by a?
31
Let f be 0/(4/(-4)) + -4 + 9. Suppose -57 = -y - 2*s, 6*y - 4*y - 117 = -f*s. Calculate the remainder when 108 is divided by y.
6
Let j(y) = 318*y - 1132. What is the remainder when j(4) is divided by 30?
20
Let s(r) = r**3 + 3*r**2 - 5*r + 1. Let g be s(-4). Suppose -g*f + 34 + 46 = 0. Let m = 44 + 18. What is the remainder when m is divided by f?
14
Suppose -2*w = -0*w - 8. Suppose w*b + 10 = 98. Suppose -109 = -6*i + 5*i. Calculate the remainder when i is divided by b.
21
Calculate the remainder when (25/((-25)/36))/((-3)/86) is divided by 14.
10
Calculate the remainder when 297/9 - (-3 + -7) is divided by 3 + (1 - -15) + 6/3.
1
Suppose 3*u - 81 = -96. Let c be (4/(-2) + -3)*4/u. Suppose -68 = -c*s + 400. Calculate the remainder when s is divided by 7.
5
Let t(y) = -19*y - 72. Let a be t(-6). Suppose -p + w - 6 = -a, -3*p + 98 = -5*w. Calculate the remainder when p is divided by 31.
10
Let b(a) = a**3 - 8*a**2 - 8*a - 4. Let m be b(9). Suppose 3*f + 5*p = 149, -m*f = 7*p - 2*p - 245. Calculate the remainder when 670 is divided by f.
46
What is the remainder when 524 is divided by (-867)/(-34)*(75/45 + (-10)/(-6))?
14
Let j = -12779 + 12916. What is the remainder when 146 is divided by j?
9
Let q = 7 + 40. Suppose -5*w + q - 7 = 0. Let b(u) = -u - 1. Calculate the remainder when w is divided by b(-6).
3
Calculate the remainder when -1 - -1937 - (-41 + 24 - (-120)/8) is divided by 29.
24
Let c be (1 - (3 + -5))/(3/85). Suppose 3*p + p = -2*b + 62, 3*b + 4*p - c = 0. What is the remainder when 42 is divided by b?
19
Suppose -11 = -d - 2*f, 0*f - 20 = -4*f. Suppose m = 5*r - d, -2*r - r - 13 = -4*m. Calculate the remainder when 36 is divided by (r/((-5)/6))/((-12)/160).
4
Suppose -l + 0 - 8 = -4*k, -3*l + k = 24. Let s(z) = 3*z**2 + 7*z - 6. Let a = 421 + -409. Calculate the remainder when s(l) is divided by a.
10
Suppose 66*a - 64 = 74*a. Calculate the remainder when 10680/50 + a/(-20) is divided by 65.
19
Calculate the remainder when ((750/(-20))/25)/((-9)/3252) is divided by 55.
47
Suppose 241*s - 755 = -5*d + 236*s, -5*d + 775 = -5*s. What is the remainder when d is divided by 150?
3
Suppose -2 + 14 = 2*d. Let l(o) = -o**3 + 3*o**2 + 22*o - 12. Calculate the remainder when 32 is divided by l(d).
8
Let c(k) = k + 30. Let a be c(33). Suppose 0 = -4*m + 5*g + a, 0 = -g + 3*g + 6. What is the remainder when 262 is divided by m?
10
Suppose 27769 + 266619 = 59*i - 16896. What is the remainder when i is divided by 14?
12
Let r(v) = -3*v**3 + 21*v**2 + 6*v + 67. What is the remainder when 615 is divided by r(7)?
70
Let m(b) = -b**2 + 8*b. Let v be 3/(-7) - (544/(-28) + 0). Suppose 36 = w + v. What is the remainder when w is divided by m(7)?
3
Suppose -7383 = -38*d + 17659. Calculate the remainder when d is divided by 3.
2
Suppose 6*y = 27*y - 63. Suppose y*l - 218 = -c, -210 = 4*l - 7*l - 3*c. What is the remainder when l is divided by 19?
17
Let c = 4908 - 4775. Let w = -22 - -15. Let v = w + 52. Calculate the remainder when c is divided by v.
43
Suppose 0 = -3*r + 3*p + 3777, 5*r = -4*p + 18 + 6241. Calculate the remainder when r is divided by 105.
100
Suppose 0 = -3*n + 5*a + 88, -a + 3*a + 115 = 5*n. Suppose 0 = 15*u - 12*u + 2367. What is the remainder when u/(-15) - (-266)/190 is divided by n?
12
Let u(y) = 2 - 12*y**2 + 2*y**2 - 5*y - 6*y**2 + 6 - 3*y**3. Suppose 2*r = -10, -5*g = -0*g + 4*r - 50. What is the remainder when g is divided by u(-5)?
6
Let u = 4784 - 4769. What is the remainder when 3192 is divided by u?
12
Suppose 2*v - 19 - 19 = 0. What is the remainder when 5*(649/55 - (-3 - -1)) is divided by v?
12
Let j be 3/(-6) + 474/4. Let k = 136 - j. Calculate the remainder when 178 is divided by k.
16
Let z(c) = -3*c**2 - 54*c - 1. Suppose 5*m - 261 = -51. What is the remainder when z(-5) is divided by m?
26
What is the remainder when 1640 is divided by (-3 + 5 + 0)/(20/330) + -7?
2
Let m be (-214)/(-6) + (-34)/51. Suppose 31 = 4*s + m. What is the remainder when 53 is divided by s - ((-98)/5 - (-20)/(-50))?
15
Suppose 31 + 41 = -9*m. Let s = 98 + m. Suppose s = 2*h - h. What is the remainder when h is divided by 24?
18
Suppose -5*s + 16 = 3*h, 186*h + 6 = 187*h + s. Let m = -18 + 21. Suppose -48 = -4*w - 4*u, -m*u - 48 = -2*w + u. What is the remainder when w is divided by h?
2
Let k(p) = -p**3 - 28*p**2 - 142*p + 120. What is the remainder when 267 is divided by k(-21)?
12
Let y(g) = -g**2 - 11*g + 15. Let r be (-15)/20 - (-90)/(-8). Suppose -4*j - 298 = -334. What is the remainder when j is divided by y(r)?
0
Let r = -828 - -840. What is the remainder when -2 + 0 - 1*-261 is divided by r?
7
Let y = -14979 + 14987. Calculate the remainder when 57/9*-2*-3 is divided by y.
6
Suppose 2*z + 7550 = 5*l, -4*l + l = z - 4519. What is the remainder when l is divided by 42?
38
Let o(s) = -s**3 - s**2 + 17*s + 107. What is the remainder when 952 is divided by o(0)?
96
Let x = 101 - -122. Let w = x + -167. What is the remainder when 211 is divided by w?
43
Let g be ((-3 - (4 - 1)) + 224/40)*-30. Let x = -5 - -31. Suppose 3*q - g = p + 5, x = 2*q + 3*p. What is the remainder when q is divided by 5?
2
Suppose -3*g + 932 + 445 = j, 3*j - 1841 = -4*g. Let x = 490 - g. What is the remainder when 39 is divided by x?
7
Let b(d) = -2*d**3 - 7*d**2 - 2*d. Suppose 0 = -8*u + 2*u + 6. Let k be (u*(-2 + 1))/(2/10). Calculate the remainder when b(k) is divided by 23.
16
Su